Let q = 2 - 3. Determine c(q).
10
Let a(u) = -31*u - 80. Let l(n) = -6*n - 3. Let j(i) = a(i) - 4*l(i). Calculate j(-19).
65
Let h(s) = -17*s + 61. Let j = -15848 - -15855. Calculate h(j).
-58
Let y = -5377 + 5375. Let n(c) = -10*c**2 - 3*c - 2. Determine n(y).
-36
Let n(p) be the first derivative of p**7/840 - p**6/72 + p**5/120 - p**4/12 + 65*p**3/3 + 89. Let a(q) be the third derivative of n(q). Give a(3).
-17
Let g(u) = 107*u**3 - u - 1 + 9*u**2 - 1 - 108*u**3. Suppose -50 = -5*h - 3*f, 0 = h + f - 14 + 2. Suppose -67 + 4 = -h*j. Give g(j).
-11
Let c(u) = u**3 + 10*u**2 + 89*u + 207. Let p be c(-3). Let m(z) be the third derivative of z**5/30 - 7*z**4/24 + z**2. Determine m(p).
-3
Let x be (-99 - -2 - -1) + (-7 - -14) + -1. Let d(k) = -83*k**2 - k. Let t be d(1). Let w = t - x. Let o(j) = j**3 - 7*j**2 + 8*j - 8. Calculate o(w).
4
Suppose 15*r - 11*r + 3 = g, 4*r + 5*g + 33 = 0. Let h(u) = -4*u**3 - 4*u**2 + 2*u + 3. Determine h(r).
15
Let i(y) = -32*y**2 - 2*y - 8. Let d(t) = 26*t**2 + 2*t + 7. Let s(o) = 5*d(o) + 4*i(o). What is s(3)?
27
Suppose 70*v - 63*v = 280. Suppose -3*q + 31 = -2*b + 9, -5*q + 5*b = -v. Let w(f) = -f**3 + 6*f**2. Give w(q).
0
Let i(n) = n**3 - 7*n**2 + 8*n - 5. Let c = 212 - 199. Suppose 14*s - 83 = -c. Determine i(s).
-15
Let p(f) = f**2 + 7*f - 1. Let t be 9352/42 - 1/3*-1. Let z = t + -226. Calculate p(z).
-13
Let l(s) be the third derivative of -s**4/24 - 2*s**3/3 - 118*s**2. Let f = -11 + 36. Suppose 7*k = 2*k + f. Give l(k).
-9
Let t(b) = -4*b + 5. Let s(y) = 2*y - 3. Let d(o) = 7*s(o) + 4*t(o). Suppose -11*h = 1754 + 237. Let a = h + 180. Calculate d(a).
1
Let c(i) be the third derivative of 3/2*i**3 + 0 + 0*i + 91*i**2 - 1/24*i**4. Determine c(6).
3
Let a(f) = -5 + 3*f**2 - 2*f**2 - f - 4*f. Let p be ((-7)/8)/(117/(-936)). Determine a(p).
9
Suppose -y - 29 = -u, -10*y - 93 = -3*u + 22. Let o(m) = 19*m - 462. Determine o(u).
13
Let m = -3062 - -36745/12. Let x(u) be the third derivative of -16*u**2 + 0 - 1/10*u**5 + u**3 + 1/120*u**6 + 0*u - m*u**4. Give x(6).
-6
Suppose 3*b - 2*p + 17 = 0, 0 = 2*p + 698 - 700. Let q(f) = f + 8. Let j be q(-6). Let u(a) = 5*a + 0*a**j + 2*a**2 + 2*a. Calculate u(b).
15
Let k(s) = 0*s + 9*s**2 - 8*s**2 + 15*s + 10425 - 10443. What is k(-11)?
-62
Let d(p) = 14 - 13 + 9*p**3 + 76*p - 75*p - 2*p**2. Let f be d(1). Let n(a) = -a**3 + 10*a**2 - 8*a - 12. What is n(f)?
-3
Let i(w) = 4*w - 33. Let v be i(10). Let p(b) = 7*b + v*b - 4 - 17*b - b + 0*b. Determine p(-2).
4
Let h(z) be the second derivative of z**2 + 6 - 8*z + 1/6*z**3. Calculate h(10).
12
Suppose -3*n - 6 = -3*x, n = -x - n - 7. Let d be (26/(-52))/(x/4). Let l be (-3)/(d/4 + -2). Let o(y) = -y**2 + 2*y - 2. What is o(l)?
-2
Let s(z) be the second derivative of -z**3/6 - z**2/2 - 27961*z. Suppose 5*r = 37 - 12. What is s(r)?
-6
Let c(z) = -7*z**2 + z - 10. Let q(a) be the second derivative of -a**4/2 + a**3/2 - 9*a**2/2 - 43*a + 1. Let m(n) = 5*c(n) - 6*q(n). Calculate m(5).
-36
Let x(s) = 3*s**2 - 1. Let c(t) = -19*t**2 + 1064*t. Let h be c(56). Let f(y) = -4*y + 4*y**2 - 3*y**2 - 1 + y. Let q be f(h). What is x(q)?
2
Suppose 0 = -2*x + 3 - 7. Let p(q) be the first derivative of 2*q**2 + 23*q**3 + 21*q**3 - 43*q**3 + 10 + 2*q. Give p(x).
6
Let s(x) = 4*x - 2. Let z(b) = b**2 + 12*b - 28. Let d = -58 + 44. Let a be z(d). Let y be s(a). Let v(g) = -g**2. Calculate v(y).
-4
Suppose 5*l = -5*a - 27 - 18, -3*a - l = 19. Let q be ((-8)/(-32))/((-3)/(-36)). Let f(x) = -x + 4 + q*x + 0*x + 1. Give f(a).
-5
Let f(g) be the second derivative of -g**4/12 + g**2 - 9*g + 28. Let z = 22 - 5. Suppose 3*p + 8 - z = 0. Calculate f(p).
-7
Let r(k) = -k**2 + 33*k + 390. Let b be r(-9). Let x(w) = 2*w**2 - 26*w + 20. Calculate x(b).
-4
Let j = -47 - -40. Let v be 2*(2/j)/(12/(-105)). Let y(q) = q**2 - 2*q - 7. Give y(v).
8
Let q(w) be the third derivative of -w**6/120 - 13*w**5/30 + 5*w**4/6 - 65*w**3/6 + 2*w**2 - 2*w + 7780. What is q(-27)?
124
Let h(q) be the third derivative of 10*q**2 + 0*q + 2*q**3 + 13 - 1/24*q**4. What is h(17)?
-5
Let r(w) = -5*w - 20. Let l(m) be the first derivative of m**2/2 + 4*m + 109. Let n(j) = 11*l(j) + 2*r(j). What is n(-8)?
-4
Let q(k) = -6*k**2 + 10*k + 10. Let t be q(-1). Let a(c) = c**3 + 6*c**2 + 4. Let p be a(t). Let o(j) = 2*j + 1. Give o(p).
9
Let x = -47 + 51. Let s(k) = -3*k**2 - 4 + 4 - x*k + 9 + 4*k**2. Determine s(7).
30
Let r(k) be the first derivative of k**4/6 - k**3 + k**2/2 + 2*k + 41. Let w(s) be the first derivative of r(s). What is w(4)?
9
Let u(j) be the second derivative of -j**6/720 - j**5/4 + 65*j**4/12 + j**2/2 - 286*j. Let t(g) be the third derivative of u(g). Calculate t(0).
-30
Let n(b) = -51616*b**2 + 12*b + 103237*b**2 - 51612*b**2. What is n(-3)?
45
Suppose -17*f + 84 = -5*f. Let z = 6 - 4. Let q(d) = -9 - 61*d**2 + 137*d**z + d - 69*d**2 - d**3. Calculate q(f).
-2
Let x = 53 + -11. Let i(c) = 56 + 3*c - c - x. Let l be i(-6). Let w(p) = p**2 - p + 2. Determine w(l).
4
Let m(s) = -12*s**3 + 23*s**2 - 30*s + 9. Let k(c) = -7*c**3 + 11*c**2 - 18*c + 6. Let q(d) = 5*k(d) - 3*m(d). Let j(r) = -5*r - 1. Let b be j(-3). Give q(b).
3
Let b(p) be the second derivative of -2*p**3 - 22*p**2 + 347*p. Calculate b(-4).
4
Suppose 18 = 3*k + h - 5*h, -2*h + 30 = 5*k. Suppose -4*g = -c + k*c, 0 = c - 5*g. Let w(j) = 10 + 3*j - 3*j + j**3. Give w(c).
10
Let r(a) = -4*a**3 + 2*a**2 + 6*a - 5. Suppose -18 = 16*q - 21*q + 3*u, -3*u - 15 = -4*q. Give r(q).
-77
Let o(h) = -h**3 - 5*h**2 - 2*h - 54. Let b = -3745 - -3739. Calculate o(b).
-6
Suppose 0 = -74*v + 72*v + 8. Let x(q) = 2*q**2 + 11*q - 7. Let h(i) = i**2 + 9*i - 5. Let f(s) = 3*h(s) - 2*x(s). Give f(v).
3
Let w(j) = -2*j**2 + 60*j - 318. Let u be w(7). Let n(l) = 4*l**2 - 11*l + 14. Calculate n(u).
34
Let s(z) = 28*z**2 - 29*z + 16. Let g(d) = 39*d**2 - 44*d + 24. Let x(l) = -5*g(l) + 7*s(l). What is x(-17)?
-8
Let h(v) = -v**3 + 7*v**2 - 7*v - 13. Suppose -o + d = -7, -3*o = -0*o - d - 17. What is h(o)?
2
Let v be (1 + 1*-7)*(-317 + 321). Let f(a) = a + 28. Calculate f(v).
4
Let c(m) = -m - 9. Let t(j) = 1. Let k(f) = c(f) - t(f). Let i be k(-5). Let g(h) = -7 - 5*h**2 + 8*h**2 - 5*h + h**2 - 5*h**2. What is g(i)?
-7
Let c(s) = 2*s - 2*s - 2 + 3*s - 5*s + s**2. Let w be 261/116*4/3. Determine c(w).
1
Let m = -25 - -15. Let w = 5 + m. Let d(y) be the third derivative of -y**6/120 - y**5/10 - y**4/8 - y**3 - 158*y**2 - 16*y. Calculate d(w).
-16
Let j = 54 + -61. Let w(y) = y**3 + 8*y**2 + 3*y - 10. Let c be w(j). Suppose c + 14 = 4*r. Let h(v) = v - 11. What is h(r)?
-3
Let p(i) = 11*i**2 + 16*i + 30. Let r(z) = -13*z**2 - 18*z - 34. Let l(w) = -7*p(w) - 6*r(w). Calculate l(6).
6
Suppose 3*r - 16*s = -13*s, 4*r - 35 = -3*s. Let b(p) = -1 - 3*p + 6*p - 7*p + 4*p**2 - 3*p**2. What is b(r)?
4
Let k(b) = 2*b**2 + 13*b - 51. Let j be -18 + (-15 - -16) + 20. Determine k(j).
6
Let z(m) = 59*m - 192*m - 3 + 61*m - 8*m**2 + 57*m. Calculate z(-2).
-5
Let p(u) be the third derivative of u**5/60 + 7*u**4/24 + u**3/6 - 165*u**2 + 1. Determine p(-7).
1
Let l = -29 - -32. Let i(q) = 0 - 4 - q**l + 4*q - 2*q**2 + 2*q - 5*q. Suppose 57 = c + 60. Calculate i(c).
2
Let c(y) = 6*y**3 + 12*y**2 - 3*y + 3. Let z(p) = -p**3 - p**2 + p + 1. Let m(d) = c(d) + 5*z(d). Let t be (10/(-4))/(25/60). What is m(t)?
32
Suppose -7*r - 17*r + 7080 = 0. Let f(m) = -5*m - 293 + 4*m**2 + 0*m + r + m**3. Determine f(-5).
2
Let q be 30 + 2 + 1 + (3 - 4). Suppose -25*s = -q*s + 28. Let z(y) = -10 + 14*y + s*y**2 + 11 - 9*y + y**3. What is z(-4)?
-19
Let t be (-1)/(-2)*(-21 + 37). Suppose -h = s + 9, t*s + 5*h = 9*s - 9. Let v(b) = -b - 6. Give v(s).
0
Suppose 5*r - 4*r = -5*c + 13, c = 4*r + 32. Let a(k) be the first derivative of k**4/4 + 5*k**3/3 - 15*k**2/2 - 3*k + 32. Determine a(r).
4
Let m(i) = 55*i + 505. Let h be m(-9). Suppose h*k - 806 = -656. Let x(n) = -2*n + 33. Determine x(k).
3
Let y(b) = -2*b**3 + 3*b**2 + 2*b + 1. Let q(w) = 8*w**3 + w**2 - 3*w + 4. Let m(n) = -q(n) - 3*y(n). Give m(-5).
8
Let i(f) be the second derivative of f**4/12 - 70*f**2 - 3173*f. Determine i(-11).
-19
Suppose -12 = -5*y + y. Let f(g) = 5*g**3 - 3*g**2 + 4*g. Let l(k) = 10*k**2 + 3*k - 48*k**2 + 36*k**2 + 4*k**3. Let z(s) = y*f(s) - 4*l(s). Calculate z(1).
-2
Suppose u + 5*j = -17